{"id":366,"date":"2018-06-02T10:23:26","date_gmt":"2018-06-02T08:23:26","guid":{"rendered":"https:\/\/www.orthodoxie.at\/gemeinde\/?page_id=366"},"modified":"2020-05-31T16:32:27","modified_gmt":"2020-05-31T14:32:27","slug":"datenschutzerklaerung","status":"publish","type":"page","link":"https:\/\/www.orthodoxie.at\/gemeinde\/datenschutzerklaerung","title":{"rendered":"Teilnahmebedingungen und Datenschutzerkl\u00e4rung"},"content":{"rendered":"<h2>Wer wir sind<\/h2>\n<p>Die Adresse unserer Website ist: https:\/\/www.orthodoxie.at\/gemeinde. Wir sind eine Kirchengemeinde der Griechisch Orientalischen Metropolis von Austria, die eine K\u00f6rperschaft \u00f6ffentlichen Rechts gem\u00e4\u00df Orthodoxengesetz BGBl. 229\/1967 ist.<\/p>\n<h2>Welche personenbezogenen Daten wir sammeln und warum wir sie sammeln<\/h2>\n<h3>Formulare<\/h3>\n<p>F\u00fcr die Online-Anmeldung zur Liturgie (www.orthodoxie.at\/gemeinde\/buchung), bedingt durch die Corona-Ma\u00dfnahmen der \u00f6sterreichischen Bundesregierung, ist die Eingabe einer E-Mail-Adresse sowie des Vor- und Nachnamens obligatorisch. Diese Daten werden innerhalb des verwendeten Plugins, im Mailsystem des Administrators sowie in einer Excel-Liste gespeichert und dienen der &#8211; teilweise automationsunterst\u00fctzten &#8211; Kommunikation mit Ihnen sowie etwaiger Auskunftspflichten im Kontext der Corona-Situation.<\/p>\n<p>F\u00fcr Ihre Gebetsanliegen (www.orthodoxie.at\/gemeinde\/archive\/1112) speichern wir die eingegebenen Daten (in der Regel Vornamen). Die Daten werden innerhalb des verwendeten Plugins, im Mailsystem des Administrators sowie in einem Word-Dokument gespeichert, um sie im Rahmen der Liturgie verwenden zu k\u00f6nnen.<\/p>\n<h3>Kommentare<\/h3>\n<p>Wenn Besucher Kommentare auf der Website schreiben (diese Funktion ist auf unserer Website zum gr\u00f6\u00dften Teil deaktiviert), sammeln wir die Daten, die im Kommentar-Formular angezeigt werden, au\u00dferdem die IP-Adresse des Besuchers und den User-Agent-String (damit wird der Browser identifiziert), um die Erkennung von Spam zu unterst\u00fctzen.<\/p>\n<p>Aus Ihrer E-Mail-Adresse kann eine anonymisierte Zeichenfolge erstellt (auch Hash genannt) und dem Gravatar-Dienst \u00fcbergeben werden, um zu pr\u00fcfen, ob Sie diesen benutzen. Die Datenschutzerkl\u00e4rung des Gravatar-Dienstes finden Sie hier: https:\/\/automattic.com\/privacy\/. Nachdem Ihr Kommentar freigegeben wurde, ist Ihr Profilbild \u00f6ffentlich im Kontext Ihres Kommentars sichtbar.<\/p>\n<h3>Medien<\/h3>\n<p>Wenn Sie ein registrierter Benutzer sind und Fotos auf diese Website laden, sollten Sie vermeiden, Fotos mit einem EXIF-GPS-Standort hochzuladen. Besucher dieser Website k\u00f6nnten Fotos, die auf dieser Website gespeichert sind, herunterladen und deren Standort-Informationen extrahieren.<\/p>\n<h3>Cookies<\/h3>\n<p>Wenn Sie einen Kommentar auf unserer Website schreiben, kann das eine Einwilligung sein, Ihren Namen, E-Mail-Adresse und Website in Cookies zu speichern. Dies ist eine Komfortfunktion, damit Sie nicht, wenn Sie einen weiteren Kommentar schreiben, all diese Daten erneut eingeben m\u00fcssen. Diese Cookies werden ein Jahr lang gespeichert.<\/p>\n<p>Falls Sie ein Konto haben und sich auf dieser Website anmelden, werden wir ein tempor\u00e4res Cookie setzen, um festzustellen, ob Ihr Browser Cookies akzeptiert. Dieses Cookie enth\u00e4lt keine personenbezogenen Daten und wird verworfen, wenn Sie Ihren Browser schlie\u00dfen.<\/p>\n<p>Wenn Sie sich anmelden, werden wir einige Cookies einrichten, um Ihre Anmeldeinformationen und Anzeigeoptionen zu speichern. Anmelde-Cookies verfallen nach zwei Tagen und Cookies f\u00fcr die Anzeigeoptionen nach einem Jahr. Falls Sie bei der Anmeldung \u201eAngemeldet bleiben\u201c ausw\u00e4hlen, wird Ihre Anmeldung zwei Wochen lang aufrechterhalten. Mit der Abmeldung aus Ihrem Konto werden die Anmelde-Cookies gel\u00f6scht.<\/p>\n<p>Wenn Sie einen Artikel bearbeiten oder ver\u00f6ffentlichen, wird ein zus\u00e4tzlicher Cookie in Ihrem Browser gespeichert. Dieser Cookie enth\u00e4lt keine personenbezogenen Daten und verweist nur auf die Beitrags-ID des Artikels, den Sie gerade bearbeitet haben. Der Cookie verf\u00e4llt nach einem Tag.<\/p>\n<h3>Eingebettete Inhalte von anderen Websites<\/h3>\n<p>Beitr\u00e4ge auf dieser Website k\u00f6nnen eingebettete Inhalte beinhalten (z.\u00a0B. Videos, Bilder, Beitr\u00e4ge etc.). Eingebettete Inhalte von anderen Websites verhalten sich exakt so, als ob der Besucher die andere Website besucht h\u00e4tte.<\/p>\n<p>Diese Websites k\u00f6nnen Daten \u00fcber Sie sammeln, Cookies benutzen, zus\u00e4tzliche Tracking-Dienste von Dritten einbetten und Ihre Interaktion mit diesem eingebetteten Inhalt aufzeichnen, inklusive Ihrer Interaktion mit dem eingebetteten Inhalt, falls Sie ein Konto haben und auf dieser Website angemeldet sind.<\/p>\n<h3>Analysedienste<\/h3>\n<h2>Mit wem wir Ihre Daten teilen<\/h2>\n<p>Ihre Daten werden ausschlie\u00dflich in den B\u00fcros der Gemeinde und der Metropolis von Austria verarbeitet. Nur ein kleiner Kreis von Mitarbeitern der Metropolis von Austria hat Zugriff. Technisch liegen die Daten auf Servern des Providers der Domain www.orthodoxie.at und des Maildienstes. Provider ist die World4You Internet Services GmbH, Hafenstra\u00dfe 35, 4020 Linz, ein \u00f6sterreichisches Unternehmen, auf das alle einschl\u00e4gigen rechtlichen Bestimmungen des Datenschutzes mit dem Schutzniveau \u00d6sterreichs und der Europ\u00e4ischen Union zutreffen.<\/p>\n<h2>Wie lange wir Ihre Daten speichern<\/h2>\n<p>Wenn Sie einen Kommentar schreiben, wird dieser inklusive Metadaten zeitlich unbegrenzt gespeichert. Auf diese Art k\u00f6nnen wir Folgekommentare automatisch erkennen und freigeben, anstelle sie in einer Moderations-Warteschlange festzuhalten.<\/p>\n<p>F\u00fcr Benutzer, die sich auf unserer Website registrieren, speichern wir zus\u00e4tzlich die pers\u00f6nlichen Informationen, die Sie in ihren Benutzerprofilen angeben. Alle Benutzer k\u00f6nnen jederzeit ihre pers\u00f6nlichen Informationen einsehen, ver\u00e4ndern oder l\u00f6schen (der Benutzername kann nicht ver\u00e4ndert werden). Administratoren der Website k\u00f6nnen diese Informationen ebenfalls einsehen und ver\u00e4ndern.<\/p>\n<h2>Welche Rechte Sie an Ihren Daten haben<\/h2>\n<p>Wenn Sie ein Konto auf dieser Website besitzen oder Kommentare geschrieben haben, k\u00f6nnen Sie einen Export Ihrer personenbezogenen Daten bei uns anfordern, inklusive aller Daten, die Sie uns mitgeteilt haben. Dar\u00fcber hinaus k\u00f6nnen Sie die L\u00f6schung aller personenbezogenen Daten, die wir von Ihnen gespeichert haben, anfordern. Dies umfasst nicht die Daten, die wir aufgrund administrativer, rechtlicher oder sicherheitsrelevanter Notwendigkeiten aufbewahren m\u00fcssen.<\/p>\n<h2>Wohin wir Ihre Daten senden<\/h2>\n<p>Besucher-Kommentare k\u00f6nnten von einem automatisierten Dienst zur Spam-Erkennung untersucht werden.<\/p>\n<h2>Ihre Kontakt-Informationen<\/h2>\n<p>Sollten Sie uns aktiv Kontaktinformationen auf welchem Kommunikationsweg auch immer (z.B. per Mail, Telefon, sms, social app etc.) zur Verf\u00fcgung stellen, erkl\u00e4ren Sie sich mit dieser Handlung ausdr\u00fccklich einverstanden, dass wir Ihren Namen und alle zur Verf\u00fcgung gestellten Informationen speichern und Sie unter den angegebenen Kontaktdaten kontaktieren d\u00fcrfen.<\/p>\n","protected":false},"excerpt":{"rendered":"<p>Wer wir sind Die Adresse unserer Website ist: https:\/\/www.orthodoxie.at\/gemeinde. Wir sind eine Kirchengemeinde der Griechisch Orientalischen Metropolis von Austria, die eine K\u00f6rperschaft \u00f6ffentlichen Rechts gem\u00e4\u00df Orthodoxengesetz BGBl. 229\/1967 ist. Welche personenbezogenen Daten wir sammeln und warum wir sie sammeln Formulare F\u00fcr die Online-Anmeldung zur Liturgie (www.orthodoxie.at\/gemeinde\/buchung), bedingt durch die Corona-Ma\u00dfnahmen der \u00f6sterreichischen Bundesregierung, ist die &#8230; <\/p>\n<p class=\"read-more-container\"><a title=\"Teilnahmebedingungen und Datenschutzerkl\u00e4rung\" class=\"read-more button\" href=\"https:\/\/www.orthodoxie.at\/gemeinde\/datenschutzerklaerung#more-366\" aria-label=\"Mehr Informationen \u00fcber Teilnahmebedingungen und Datenschutzerkl\u00e4rung\">Weiterlesen &#8230;<\/a><\/p>\n","protected":false},"author":2,"featured_media":0,"parent":0,"menu_order":0,"comment_status":"closed","ping_status":"closed","template":"","meta":{"_crdt_document":"","generate_page_header":"","footnotes":""},"class_list":["post-366","page","type-page","status-publish"],"amp_enabled":true,"_links":{"self":[{"href":"https:\/\/www.orthodoxie.at\/gemeinde\/wp-json\/wp\/v2\/pages\/366","targetHints":{"allow":["GET"]}}],"collection":[{"href":"https:\/\/www.orthodoxie.at\/gemeinde\/wp-json\/wp\/v2\/pages"}],"about":[{"href":"https:\/\/www.orthodoxie.at\/gemeinde\/wp-json\/wp\/v2\/types\/page"}],"author":[{"embeddable":true,"href":"https:\/\/www.orthodoxie.at\/gemeinde\/wp-json\/wp\/v2\/users\/2"}],"replies":[{"embeddable":true,"href":"https:\/\/www.orthodoxie.at\/gemeinde\/wp-json\/wp\/v2\/comments?post=366"}],"version-history":[{"count":6,"href":"https:\/\/www.orthodoxie.at\/gemeinde\/wp-json\/wp\/v2\/pages\/366\/revisions"}],"predecessor-version":[{"id":1272,"href":"https:\/\/www.orthodoxie.at\/gemeinde\/wp-json\/wp\/v2\/pages\/366\/revisions\/1272"}],"wp:attachment":[{"href":"https:\/\/www.orthodoxie.at\/gemeinde\/wp-json\/wp\/v2\/media?parent=366"}],"curies":[{"name":"wp","href":"https:\/\/api.w.org\/{rel}","templated":true}]}}