{"id":1415,"date":"2020-08-04T22:21:07","date_gmt":"2020-08-04T20:21:07","guid":{"rendered":"https:\/\/www.orthodoxie.at\/gemeinde\/?page_id=1415"},"modified":"2020-08-04T22:27:14","modified_gmt":"2020-08-04T20:27:14","slug":"der-heilige-gregor","status":"publish","type":"page","link":"https:\/\/www.orthodoxie.at\/gemeinde\/kapelle\/synaxarion\/der-heilige-gregor","title":{"rendered":"Der Heilige Gregor"},"content":{"rendered":"<h6 style=\"text-align: right;\">&#8230; \\ <a href=\"https:\/\/www.orthodoxie.at\/gemeinde\/kapelle\">Kapelle<\/a> \\ <a href=\"https:\/\/www.orthodoxie.at\/gemeinde\/kapelle\/synaxarion\">Synaxarion<\/a><\/h6>\n<h2><a href=\"https:\/\/www.orthodoxie.at\/gemeinde\/wp-content\/uploads\/2020\/08\/WEB-GregorNazianz.fw_.png\"><img loading=\"lazy\" decoding=\"async\" class=\"alignleft size-full wp-image-1399\" src=\"https:\/\/www.orthodoxie.at\/gemeinde\/wp-content\/uploads\/2020\/08\/WEB-GregorNazianz.fw_.png\" alt=\"\" width=\"340\" height=\"1200\" title=\"\" srcset=\"https:\/\/www.orthodoxie.at\/gemeinde\/wp-content\/uploads\/2020\/08\/WEB-GregorNazianz.fw_.png 340w, https:\/\/www.orthodoxie.at\/gemeinde\/wp-content\/uploads\/2020\/08\/WEB-GregorNazianz.fw_-85x300.png 85w\" sizes=\"auto, (max-width: 340px) 100vw, 340px\" \/><\/a>von Nazianz, der Theologe<\/h2>\n<p><strong>Gedenktag:<\/strong> 25. Januar<\/p>\n<p><strong>Apolytikion:<\/strong><\/p>\n<p>Die Hirtenfl\u00f6te deiner Theologie hat die Trompeten der Rhetoren besiegt: Denn da du die Tiefen des Geistes ergr\u00fcndetest, wurde dir auch die Sch\u00f6nheit der Stimme verliehen. So bitte Christus Gott, o Vater Gregor, unsere Seelen zu erretten.<\/p>\n<p><span class=\"LeitType\">\u1f2e\u03c7\u03bf\u03c2 \u03b1\u2019.<\/span><br \/>\n\u1f49 \u03c0\u03bf\u03b9\u03bc\u03b5\u03bd\u03b9\u03ba\u03cc\u03c2 \u03b1\u1f50\u03bb\u03cc\u03c2 \u03c4\u1fc6\u03c2 \u03b8\u03b5\u03bf\u03bb\u03bf\u03b3\u03af\u03b1\u03c2 \u03c3\u03bf\u03c5, \u03c4\u03ac\u03c2 \u03c4\u1ff6\u03bd \u1fe5\u03b7\u03c4\u03cc\u03c1\u03c9\u03bd \u1f10\u03bd\u03af\u03ba\u03b7\u03c3\u03b5 \u03c3\u03ac\u03bb\u03c0\u03b9\u03b3\u03b3\u03b1\u03c2\u0387 \u1f61\u03c2 \u03b3\u03ac\u03c1 \u03c4\u03ac \u03b2\u03ac\u03b8\u03b7 \u03c4\u03bf\u1fe6 \u03a0\u03bd\u03b5\u03cd\u03bc\u03b1\u03c4\u03bf\u03c2 \u1f10\u03ba\u03b6\u03b7\u03c4\u03ae\u03c3\u03b1\u03bd\u03c4\u03b9, \u03ba\u03b1\u03af \u03c4\u03ac \u03ba\u03ac\u03bb\u03bb\u03b7 \u03c4\u03bf\u1fe6 \u03c6\u03b8\u03ad\u03b3\u03bc\u03b1\u03c4\u03bf\u03c2 \u03c0\u03c1\u03bf\u03c3\u03b5\u03c4\u03ad\u03b8\u03b7 \u03c3\u03bf\u03b9. \u1f08\u03bb\u03bb\u03ac \u03c0\u03c1\u03ad\u03c3\u03b2\u03b5\u03c5\u03b5 \u03a7\u03c1\u03b9\u03c3\u03c4\u1ff7 \u03c4\u1ff7 \u0398\u03b5\u1ff7, \u03a0\u03ac\u03c4\u03b5\u03c1 \u0393\u03c1\u03b7\u03b3\u03cc\u03c1\u03b9\u03b5, \u03c3\u03c9\u03b8\u1fc6\u03bd\u03b1\u03b9 \u03c4\u03ac\u03c2 \u03c8\u03c5\u03c7\u03ac\u03c2 \u1f21\u03bc\u1ff6\u03bd.<\/p>\n<p><strong>Vita:<\/strong><\/p>\n<p>in Bearbeitung<\/p>\n","protected":false},"excerpt":{"rendered":"<p>&#8230; \\ Kapelle \\ Synaxarion von Nazianz, der Theologe Gedenktag: 25. Januar Apolytikion: Die Hirtenfl\u00f6te deiner Theologie hat die Trompeten der Rhetoren besiegt: Denn da du die Tiefen des Geistes ergr\u00fcndetest, wurde dir auch die Sch\u00f6nheit der Stimme verliehen. So bitte Christus Gott, o Vater Gregor, unsere Seelen zu erretten. \u1f2e\u03c7\u03bf\u03c2 \u03b1\u2019. \u1f49 \u03c0\u03bf\u03b9\u03bc\u03b5\u03bd\u03b9\u03ba\u03cc\u03c2 \u03b1\u1f50\u03bb\u03cc\u03c2 &#8230; <\/p>\n<p class=\"read-more-container\"><a title=\"Der Heilige Gregor\" class=\"read-more button\" href=\"https:\/\/www.orthodoxie.at\/gemeinde\/kapelle\/synaxarion\/der-heilige-gregor#more-1415\" aria-label=\"Mehr Informationen \u00fcber Der Heilige Gregor\">Weiterlesen &#8230;<\/a><\/p>\n","protected":false},"author":2,"featured_media":0,"parent":1309,"menu_order":0,"comment_status":"closed","ping_status":"closed","template":"","meta":{"_crdt_document":"","generate_page_header":"","footnotes":""},"class_list":["post-1415","page","type-page","status-publish"],"amp_enabled":true,"_links":{"self":[{"href":"https:\/\/www.orthodoxie.at\/gemeinde\/wp-json\/wp\/v2\/pages\/1415","targetHints":{"allow":["GET"]}}],"collection":[{"href":"https:\/\/www.orthodoxie.at\/gemeinde\/wp-json\/wp\/v2\/pages"}],"about":[{"href":"https:\/\/www.orthodoxie.at\/gemeinde\/wp-json\/wp\/v2\/types\/page"}],"author":[{"embeddable":true,"href":"https:\/\/www.orthodoxie.at\/gemeinde\/wp-json\/wp\/v2\/users\/2"}],"replies":[{"embeddable":true,"href":"https:\/\/www.orthodoxie.at\/gemeinde\/wp-json\/wp\/v2\/comments?post=1415"}],"version-history":[{"count":3,"href":"https:\/\/www.orthodoxie.at\/gemeinde\/wp-json\/wp\/v2\/pages\/1415\/revisions"}],"predecessor-version":[{"id":1423,"href":"https:\/\/www.orthodoxie.at\/gemeinde\/wp-json\/wp\/v2\/pages\/1415\/revisions\/1423"}],"up":[{"embeddable":true,"href":"https:\/\/www.orthodoxie.at\/gemeinde\/wp-json\/wp\/v2\/pages\/1309"}],"wp:attachment":[{"href":"https:\/\/www.orthodoxie.at\/gemeinde\/wp-json\/wp\/v2\/media?parent=1415"}],"curies":[{"name":"wp","href":"https:\/\/api.w.org\/{rel}","templated":true}]}}